ate the highest common divisor of 126645 and 6945.
15
What is the greatest common divisor of 210 and 40938702?
42
Calculate the highest common divisor of 265782644 and 1172.
1172
Calculate the greatest common divisor of 766 and 8316079.
383
Calculate the highest common factor of 673438 and 841058.
986
What is the highest common divisor of 651105853 and 1603?
229
Calculate the greatest common divisor of 81 and 2311191.
9
Calculate the highest common factor of 11237 and 745467.
17
What is the greatest common factor of 6349 and 44947?
7
Calculate the highest common factor of 163584834 and 246.
246
What is the greatest common factor of 1163342 and 43859?
719
Calculate the greatest common divisor of 3358 and 238211.
23
What is the greatest common factor of 13584 and 148009?
283
Calculate the highest common divisor of 92225510 and 221.
221
What is the greatest common divisor of 17928 and 78624?
216
Calculate the greatest common factor of 53116875 and 4725.
1575
Calculate the greatest common factor of 46140 and 40960.
20
What is the greatest common factor of 3 and 2430424?
1
What is the highest common divisor of 153121 and 68077?
19
What is the highest common factor of 2796322 and 10?
2
What is the greatest common factor of 2262 and 820066?
26
What is the greatest common divisor of 2658340 and 115?
115
Calculate the highest common divisor of 200 and 2491490.
10
Calculate the highest common divisor of 197155339 and 1756.
439
Calculate the greatest common factor of 44759663 and 65.
13
What is the highest common factor of 18564 and 9537?
51
Calculate the highest common divisor of 1415521 and 388.
97
What is the greatest common divisor of 38382876 and 882?
882
What is the greatest common factor of 805 and 34322555?
115
What is the greatest common factor of 23536 and 28528?
16
What is the greatest common factor of 32188 and 1257808?
2476
What is the highest common factor of 3135 and 319086?
57
What is the greatest common factor of 17535 and 13396215?
105
Calculate the greatest common divisor of 1599575 and 893800.
2725
What is the greatest common divisor of 110 and 177155396?
22
What is the highest common factor of 47167722 and 777?
21
Calculate the highest common factor of 2457171 and 205.
41
Calculate the highest common divisor of 40501 and 1220181.
101
What is the highest common factor of 162 and 31991526?
18
Calculate the greatest common divisor of 125 and 323040.
5
What is the highest common factor of 4780 and 217169740?
4780
Calculate the greatest common factor of 800 and 42120100.
100
What is the greatest common divisor of 9632 and 4279016?
2408
What is the highest common divisor of 26939250 and 50?
50
Calculate the highest common divisor of 7358 and 9269665.
283
What is the greatest common divisor of 30323444 and 136?
68
Calculate the highest common factor of 50 and 3846694.
2
What is the highest common divisor of 94122 and 86184?
1134
Calculate the highest common divisor of 720072 and 3546519.
411
What is the greatest common factor of 688 and 4793392?
16
Calculate the highest common factor of 16401224 and 728.
56
What is the highest common divisor of 7059897 and 2908?
727
Calculate the highest common factor of 264 and 137534155.
11
Calculate the highest common divisor of 4068 and 277076.
452
What is the highest common divisor of 107724099 and 3?
3
What is the greatest common divisor of 37640790 and 6?
6
What is the highest common factor of 8396700 and 15275?
325
Calculate the greatest common divisor of 462 and 248640.
42
Calculate the highest common factor of 1761756810 and 6.
6
What is the greatest common divisor of 68 and 1103590156?
68
What is the highest common divisor of 94695 and 10258090?
535
Calculate the greatest common factor of 1643908 and 98.
14
What is the greatest common divisor of 23646 and 1013963?
563
Calculate the greatest common factor of 58198176 and 384.
96
Calculate the highest common factor of 24378 and 4096938.
1434
Calculate the greatest common factor of 15182 and 152.
2
What is the greatest common divisor of 35826 and 1757?
7
What is the greatest common divisor of 1482404 and 1670111?
4813
Calculate the greatest common divisor of 245920 and 7491338.
3074
Calculate the highest common divisor of 75615 and 18120.
15
Calculate the greatest common factor of 2973 and 3033.
3
What is the greatest common divisor of 65010010 and 410?
410
What is the greatest common divisor of 25896525 and 23256?
969
What is the greatest common divisor of 362077 and 4445?
127
Calculate the greatest common factor of 3443 and 196108.
11
What is the highest common divisor of 1837 and 11782184?
167
Calculate the greatest common factor of 536641 and 1736.
217
Calculate the greatest common factor of 38662172 and 92.
92
Calculate the highest common factor of 227614338 and 76.
38
Calculate the highest common factor of 8228640 and 217.
217
Calculate the greatest common factor of 31473 and 13923.
117
What is the highest common factor of 279 and 1963633?
31
What is the highest common divisor of 8715438 and 5221?
227
What is the greatest common factor of 1933851 and 12?
3
What is the highest common divisor of 32545620 and 235?
235
What is the greatest common factor of 18 and 229264290?
18
Calculate the highest common factor of 318852885 and 585.
195
Calculate the greatest common factor of 12591684 and 287.
7
What is the highest common divisor of 444 and 927492?
12
What is the greatest common divisor of 72544 and 46880?
32
Calculate the greatest common factor of 126038 and 2995366.
374
What is the highest common factor of 534587 and 421247?
1889
What is the highest common divisor of 8976 and 20238768?
528
What is the greatest common factor of 2867088 and 2703?
159
Calculate the highest common divisor of 484 and 314151332.
484
What is the highest common factor of 2596011 and 3244?
811
What is the greatest common factor of 20631 and 91845?
39
What is the greatest common factor of 76206 and 563498?
26
Calculate the greatest common factor of 20 and 4512085.
5
Calculate the highest common factor of 293821215 and 45.
15
Calculate the greatest common factor of 46 and 148112157.
23
Calculate the highest common divisor of 1848409385 and 355.
355
Calculate the highest common factor of 3795 and 33801582.
69
What is the highest common factor of 80262 and 419094?
234
Calculate the highest common factor of 84 and 13723068.
12
Calculate the highest common divisor of 33660 and 513740.
340
Calculate the greatest common divisor of 2597 and 408577.
53
Calculate the greatest common factor of 48 and 38167728.
48
Calculate the highest common divisor of 4756 and 5911298.
82
Calculate the highest common factor of 20544 and 9056694.
642
What is the greatest common divisor of 204 and 1657156?
4
What is the greatest common factor of 23785754 and 34?
34
Calculate the highest common divisor of 184806502 and 16549.
1273
What is the greatest common divisor of 513 and 44135658?
27
What is the greatest common factor of 20365 and 763410536?
4073
What is the greatest common factor of 36015 and 100106265?
5145
What is the greatest common factor of 449935 and 126367?
107
Calculate the highest common divisor of 2754 and 39886722.
54
Calculate the greatest common factor of 2457 and 77937552.
189
Calculate the highest common divisor of 1634 and 6291090.
38
What is the highest common factor of 187264 and 679459?
209
Calculate the greatest common factor of 3692 and 54987796.
284
Calculate the highest common factor of 1155100 and 3100.
100
What is the greatest common divisor of 3081 and 986394?
237
Calculate the highest common divisor of 133200 and 36780.
60
What is the highest common divisor of 14969103 and 3?
3
What is the highest common factor of 2317 and 2931336?
331
Calculate the greatest common divisor of 6489 and 4068351.
63
What is the greatest common factor of 608 and 42986?
2
What is the highest common factor of 11172 and 215076?
12
What is the highest common divisor of 9943 and 21365877?
163
What is the highest common divisor of 414799 and 1551?
11
Calculate the greatest common factor of 620875 and 59375.
125
Calculate the greatest common factor of 49518 and 255906.
378
Calculate the greatest common factor of 169 and 1059318.
13
What is the highest common factor of 2462 and 38238553?
12